
{"id":10,"date":"2012-06-26T19:18:26","date_gmt":"2012-06-26T19:18:26","guid":{"rendered":"http:\/\/demo.solucionesuno.com\/magrina\/?page_id=10"},"modified":"2020-03-11T13:06:08","modified_gmt":"2020-03-11T13:06:08","slug":"el-laboratorio","status":"publish","type":"page","link":"https:\/\/www.magrina.com\/ca\/el-laboratorio\/","title":{"rendered":"El Laboratori"},"content":{"rendered":"<p><\/p>\n<h3><\/h3>\n<div>\n<p><span style=\"font-size: 12px;\">\u2022\u00a0<\/span>Oferim una resposta integral des de la formulaci\u00f3 fins a l&#8217;envasat i estem especialitzats en la creaci\u00f3 i el desenvolupament<\/p>\n<p><span style=\"font-size: 12px;\">\u2022\u00a0<\/span>Estem especialitzats en el mercat de cosm\u00e8tica de farm\u00e0cia, en el de cosm\u00e8tica professional aix\u00ec com en el de productes naturals.<\/p>\n<p><span style=\"font-size: 12px;\">\u2022\u00a0<\/span>Podem posar al mercat productes innovadors amb agilitat i rapides<span style=\"font-size: 12px;\">. <\/span><\/p>\n<p><span style=\"font-size: 12px;\">\u2022\u00a0<\/span>Col.laborem amb als nostres clients per minimitzar la seva inversi\u00f3 en el llan\u00e7ament de nous productes<\/p>\n<p><span style=\"font-size: 12px;\">\u2022\u00a0<\/span>Invertim constantment en tecnologia per garantir la m\u00e0xima efici\u00e8ncia i <a href=\"https:\/\/www.magrina.com\/wp-content\/uploads\/2020\/03\/POLTICA-DE-QUALITAT-Ed03.pdf\" target=\"_blank\" rel=\"noopener noreferrer\">qualitat<\/a><\/p>\n<p><span style=\"font-size: 12px;\">\u2022\u00a0<\/span>Treballem amb la m\u00e0xima qualitat, avalada per la certificaci\u00f3 ISO 22.716:2007 (GMP) y 9001:2015<\/p>\n<p><span style=\"font-size: 12px;\">\u2022\u00a0<\/span>S\u00f3m membres de<span style=\"font-size: 12px;\">\u00a0<a href=\"http:\/\/www.stanpa.es\" target=\"_blank\" rel=\"noopener noreferrer\">STANPA<\/a>, filial de <a href=\"http:\/\/www.cosmeticseurope.eu\/\">Cosmetics Europe<\/a> (antiga COLIPA).<\/span><\/p>\n<\/div>\n<p>&nbsp;<\/p>","protected":false},"excerpt":{"rendered":"<p>\u2022\u00a0Oferim una resposta integral des de la formulaci\u00f3 fins a l&#8217;envasat i estem especialitzats en la creaci\u00f3 i el desenvolupament \u2022\u00a0Estem especialitzats en el mercat de cosm\u00e8tica de farm\u00e0cia, en el de cosm\u00e8tica professional aix\u00ec com en el de productes naturals. \u2022\u00a0Podem posar al mercat productes innovadors amb agilitat i rapides. \u2022\u00a0Col.laborem amb als nostres&nbsp;<a href=\"https:\/\/www.magrina.com\/ca\/el-laboratorio\/\" class=\"read-more\">Continue Reading<\/a><\/p>\n","protected":false},"author":3,"featured_media":0,"parent":0,"menu_order":0,"comment_status":"closed","ping_status":"closed","template":"","meta":{"footnotes":""},"class_list":["post-10","page","type-page","status-publish","hentry"],"_links":{"self":[{"href":"https:\/\/www.magrina.com\/ca\/wp-json\/wp\/v2\/pages\/10","targetHints":{"allow":["GET"]}}],"collection":[{"href":"https:\/\/www.magrina.com\/ca\/wp-json\/wp\/v2\/pages"}],"about":[{"href":"https:\/\/www.magrina.com\/ca\/wp-json\/wp\/v2\/types\/page"}],"author":[{"embeddable":true,"href":"https:\/\/www.magrina.com\/ca\/wp-json\/wp\/v2\/users\/3"}],"replies":[{"embeddable":true,"href":"https:\/\/www.magrina.com\/ca\/wp-json\/wp\/v2\/comments?post=10"}],"version-history":[{"count":47,"href":"https:\/\/www.magrina.com\/ca\/wp-json\/wp\/v2\/pages\/10\/revisions"}],"predecessor-version":[{"id":1648,"href":"https:\/\/www.magrina.com\/ca\/wp-json\/wp\/v2\/pages\/10\/revisions\/1648"}],"wp:attachment":[{"href":"https:\/\/www.magrina.com\/ca\/wp-json\/wp\/v2\/media?parent=10"}],"curies":[{"name":"wp","href":"https:\/\/api.w.org\/{rel}","templated":true}]}}

<p></p>
<h3></h3>
<div>
<p><span style="font-size: 12px;">• </span>Oferim una resposta integral des de la formulació fins a l&#8217;envasat i estem especialitzats en la creació i el desenvolupament</p>
<p><span style="font-size: 12px;">• </span>Estem especialitzats en el mercat de cosmètica de farmàcia, en el de cosmètica professional aixì com en el de productes naturals.</p>
<p><span style="font-size: 12px;">• </span>Podem posar al mercat productes innovadors amb agilitat i rapides<span style="font-size: 12px;">. </span></p>
<p><span style="font-size: 12px;">• </span>Col.laborem amb als nostres clients per minimitzar la seva inversió en el llançament de nous productes</p>
<p><span style="font-size: 12px;">• </span>Invertim constantment en tecnologia per garantir la màxima eficiència i <a href="https://www.magrina.com/wp-content/uploads/2020/03/POLTICA-DE-QUALITAT-Ed03.pdf" target="_blank" rel="noopener noreferrer">qualitat</a></p>
<p><span style="font-size: 12px;">• </span>Treballem amb la màxima qualitat, avalada per la certificació ISO 22.716:2007 (GMP) y 9001:2015</p>
<p><span style="font-size: 12px;">• </span>Sóm membres de<span style="font-size: 12px;"> <a href="http://www.stanpa.es" target="_blank" rel="noopener noreferrer">STANPA</a>, filial de <a href="http://www.cosmeticseurope.eu/">Cosmetics Europe</a> (antiga COLIPA).</span></p>
</div>
<p>&nbsp;</p>

<p>• Oferim una resposta integral des de la formulació fins a l&#8217;envasat i estem especialitzats en la creació i el desenvolupament • Estem especialitzats en el mercat de cosmètica de farmàcia, en el de cosmètica professional aixì com en el de productes naturals. • Podem posar al mercat productes innovadors amb agilitat i rapides. • Col.laborem amb als nostres&nbsp;<a href="https://www.magrina.com/ca/el-laboratorio/" class="read-more">Continue Reading</a></p>
